
2, 59, 39241
What are the prime factors of 98842?
2, 73, 677
What are the prime factors of 1311424?
2, 31, 661
List the prime factors of 673831.
23, 29297
List the prime factors of 1143501.
3, 381167
What are the prime factors of 1716222?
2, 3, 31, 9227
What are the prime factors of 1432860?
2, 3, 5, 11, 13, 167
What are the prime factors of 105022?
2, 52511
What are the prime factors of 7328847?
3, 2442949
List the prime factors of 212052.
2, 3, 41, 431
List the prime factors of 11866100.
2, 5, 118661
List the prime factors of 716872.
2, 13, 61, 113
What are the prime factors of 6165594?
2, 3, 17, 20149
List the prime factors of 2774630.
2, 5, 37, 7499
What are the prime factors of 1218694?
2, 257, 2371
List the prime factors of 437955.
3, 5, 7, 43, 97
What are the prime factors of 1993568?
2, 62299
What are the prime factors of 1244463?
3, 11, 43, 877
What are the prime factors of 622462?
2, 41, 7591
What are the prime factors of 7230390?
2, 3, 5, 241013
What are the prime factors of 1443395?
5, 288679
What are the prime factors of 622198?
2, 311099
List the prime factors of 1037235.
3, 5, 69149
What are the prime factors of 217712?
2, 11, 1237
What are the prime factors of 11265568?
2, 352049
List the prime factors of 19648009.
83, 236723
List the prime factors of 469836.
2, 3, 31, 421
What are the prime factors of 1765456?
2, 7, 11, 1433
What are the prime factors of 913008?
2, 3, 23, 827
What are the prime factors of 1541517?
3, 513839
What are the prime factors of 1536904?
2, 192113
List the prime factors of 612607.
151, 4057
What are the prime factors of 50977?
19, 2683
What are the prime factors of 1091135?
5, 218227
What are the prime factors of 410199?
3, 136733
What are the prime factors of 4842744?
2, 3, 201781
What are the prime factors of 89441?
11, 47, 173
What are the prime factors of 190449?
3, 7, 3023
List the prime factors of 556024.
2, 7, 9929
List the prime factors of 51803.
51803
List the prime factors of 1821150.
2, 3, 5, 19, 71
What are the prime factors of 1454789?
7, 61, 3407
What are the prime factors of 157588?
2, 39397
List the prime factors of 2118582.
2, 3, 39233
List the prime factors of 1123567.
1123567
What are the prime factors of 4171528?
2, 17, 37, 829
List the prime factors of 3223227.
3, 7, 153487
List the prime factors of 726160.
2, 5, 29, 313
What are the prime factors of 183538?
2, 163, 563
What are the prime factors of 14931463?
379, 39397
What are the prime factors of 481840?
2, 5, 19, 317
List the prime factors of 10514222.
2, 5257111
List the prime factors of 74545.
5, 17, 877
What are the prime factors of 287241?
3, 95747
What are the prime factors of 1616004?
2, 3, 13, 1151
List the prime factors of 721383.
3, 13, 53, 349
What are the prime factors of 975260?
2, 5, 11, 13, 31
List the prime factors of 17480.
2, 5, 19, 23
List the prime factors of 193752.
2, 3, 13, 23
What are the prime factors of 4266395?
5, 7, 79, 1543
List the prime factors of 2005957.
2005957
List the prime factors of 1159767.
3, 7, 41, 449
List the prime factors of 3593325.
3, 5, 47911
What are the prime factors of 2326357?
11, 61, 3467
What are the prime factors of 2099715?
3, 5, 139981
What are the prime factors of 6811827?
3, 11, 206419
List the prime factors of 8597161.
137, 62753
List the prime factors of 285065.
5, 11, 71, 73
List the prime factors of 1465592.
2, 167, 1097
What are the prime factors of 76240?
2, 5, 953
What are the prime factors of 26136304?
2, 61, 439
List the prime factors of 11192777.
11192777
List the prime factors of 70070.
2, 5, 7, 11, 13
List the prime factors of 101.
101
What are the prime factors of 447133?
447133
What are the prime factors of 245383?
245383
List the prime factors of 1906727.
1906727
What are the prime factors of 1999806?
2, 3, 79, 4219
List the prime factors of 1351251.
3, 11, 13649
List the prime factors of 1106903.
7, 158129
List the prime factors of 425649.
3, 7, 20269
List the prime factors of 1015958.
2, 507979
List the prime factors of 1928263.
97, 103, 193
What are the prime factors of 88980?
2, 3, 5, 1483
List the prime factors of 352453.
47, 7499
List the prime factors of 266641.
266641
What are the prime factors of 1624236?
2, 3, 135353
What are the prime factors of 13909?
7, 1987
List the prime factors of 4413025.
5, 176521
List the prime factors of 641882.
2, 320941
What are the prime factors of 61444?
2, 15361
What are the prime factors of 272300?
2, 5, 7, 389
List the prime factors of 17591644.
2, 7, 19, 43, 769
What are the prime factors of 35522977?
7, 157, 32323
What are the prime factors of 205771?
347, 593
List the prime factors of 131635.
5, 7, 3761
What are the prime factors of 33451?
11, 3041
List the prime factors of 28852005.
3, 5, 7, 13, 23, 919
What are the prime factors of 1073392?
2, 73, 919
What are the prime factors of 367913?
7, 13, 311
What are the prime factors of 393927?
3, 19, 6911
What are the prime factors of 1566404?
2, 7, 43, 1301
List the prime factors of 959087.
283, 3389
List the prime factors of 208868.
2, 11, 47, 101
List the prime factors of 301937.
17, 17761
List the prime factors of 2081028.
2, 3, 37, 43, 109
What are the prime factors of 223265?
5, 7, 6379
List the prime factors of 864456.
2, 3, 181, 199
List the prime factors of 727602.
2, 3, 121267
List the prime factors of 2088180.
2, 3, 5, 1289
List the prime factors of 292660.
2, 5, 14633
List the prime factors of 297550.
2, 5, 11, 541
List the prime factors of 27875726.
2, 37, 376699
What are the prime factors of 6203002?
2, 13, 227, 1051
What are the prime factors of 441733?
59, 7487
List the prime factors of 12129478.
2, 47, 129037
What are the prime factors of 3226354?
2, 251, 6427
What are the prime factors of 7882372?
2, 53, 37181
List the prime factors of 146832.
2, 3, 7, 19, 23
List the prime factors of 397892.
2, 11, 9043
What are the prime factors of 951479?
951479
What are the prime factors of 17412067?
17412067
List the prime factors of 954188.
2, 238547
What are the prime factors of 604518?
2, 3, 53, 1901
What are the prime factors of 311965?
5, 43, 1451
What are the prime factors of 669547?
89, 7523
What are the prime factors of 622954?
2, 41, 71, 107
What are the prime factors of 223921?
223921
List the prime factors of 20978043.
3, 6992681
List the prime factors of 3809125.
5, 31, 983
What are the prime factors of 45796?
2, 107
What are the prime factors of 23696305?
5, 1291, 3671
List the prime factors of 833778.
2, 3, 11, 4211
List the prime factors of 5095041.
3, 7, 242621
What are the prime factors of 26436184?
2, 47, 70309
List the prime factors of 20874180.
2, 3, 5, 173, 2011
List the prime factors of 157126.
2, 251, 313
List the prime factors of 342689.
263, 1303
List the prime factors of 7064665.
5, 1412933
What are the prime factors of 2217239?
41, 1319
List the prime factors of 222570.
2, 3, 5, 2473
List the prime factors of 101958.
2, 3, 16993
What are the prime factors of 3711734?
2, 13, 142759
What are the prime factors of 232351?
7, 19, 1747
What are the prime factors of 111427?
111427
List the prime factors of 14458716.
2, 3, 133877
List the prime factors of 23852734.
2, 17, 41, 71, 241
What are the prime factors of 1785023?
1785023
What are the prime factors of 1488820?
2, 5, 74441
What are the prime factors of 2296042?
2, 7, 3347
List the prime factors of 1325712.
2, 3, 71, 389
List the prime factors of 9256197.
3, 31, 99529
List the prime factors of 4043543.
7, 41, 73, 193
What are the prime factors of 601117?
11, 54647
List the prime factors of 28620946.
2, 587, 24379
List the prime factors of 6146632.
2, 768329
What are the prime factors of 218109?
3, 23, 29, 109
What are the prime factors of 340956?
2, 3, 7, 11, 41
List the prime factors of 128769.
3, 42923
List the prime factors of 6254107.
6254107
List the prime factors of 2249026.
2, 13, 86501
What are the prime factors of 1019281?
1019281
What are the prime factors of 13950439?
877, 15907
List the prime factors of 272041.
7, 11, 3533
What are the prime factors of 5302870?
2, 5, 83, 6389
What are the prime factors of 5207910?
2, 3, 5, 67, 2591
What are the prime factors of 7957960?
2, 5, 19, 37, 283
What are the prime factors of 1606554?
2, 3, 47, 211
What are the prime factors o